{"id":13,"date":"2023-07-13T09:15:58","date_gmt":"2023-07-13T09:15:58","guid":{"rendered":"http:\/\/www.creativeenglish.com.pl\/?page_id=13"},"modified":"2025-03-12T13:56:20","modified_gmt":"2025-03-12T13:56:20","slug":"kontakt","status":"publish","type":"page","link":"https:\/\/www.creativeenglish.com.pl\/index.php\/kontakt\/","title":{"rendered":"Kurs online dla dzieci"},"content":{"rendered":"<p>Chcesz by\u0107 na bie\u017c\u0105co z tym co robi\u0119?<\/p>\n<p>Co tydzie\u0144 otrzymywa\u0107 inspiracje, sprawdzone pomys\u0142y i bezp\u0142atne materia\u0142y na swoje lekcje j\u0119zyka angielskiego w przedszkolu i szkole podstawowej?<\/p>\n<p>Do\u0142\u0105cz do grona kreatywnych nauczycieli i zapisz si\u0119 na m\u00f3j newsletter.<\/p>\n<style>\/*! elementor - v3.21.0 - 26-05-2024 *\/<br \/>\n.elementor-widget-image{text-align:center}.elementor-widget-image a{display:inline-block}.elementor-widget-image a img[src$=\".svg\"]{width:48px}.elementor-widget-image img{vertical-align:middle;display:inline-block}<\/style>\n<p>\t\t\t\t\t\t\t\t\t\t<img fetchpriority=\"high\" decoding=\"async\" width=\"179\" height=\"300\" src=\"http:\/\/www.creativeenglish.com.pl\/wp-content\/uploads\/2023\/07\/88989984_291746968456895_1503656518342410240_n-179x300.jpg\" alt=\"\" srcset=\"https:\/\/www.creativeenglish.com.pl\/wp-content\/uploads\/2023\/07\/88989984_291746968456895_1503656518342410240_n-179x300.jpg 179w, https:\/\/www.creativeenglish.com.pl\/wp-content\/uploads\/2023\/07\/88989984_291746968456895_1503656518342410240_n.jpg 480w\" sizes=\"(max-width: 179px) 100vw, 179px\" \/><\/p>\n","protected":false},"excerpt":{"rendered":"<p>Chcesz by\u0107 na bie\u017c\u0105co z tym co robi\u0119? Co tydzie\u0144 otrzymywa\u0107 inspiracje, sprawdzone pomys\u0142y i bezp\u0142atne materia\u0142y na swoje lekcje j\u0119zyka angielskiego w przedszkolu i szkole podstawowej? Do\u0142\u0105cz do grona kreatywnych nauczycieli i zapisz si\u0119 na m\u00f3j newsletter.<\/p>\n","protected":false},"author":1,"featured_media":5,"parent":0,"menu_order":0,"comment_status":"closed","ping_status":"closed","template":"","meta":{"footnotes":""},"class_list":["post-13","page","type-page","status-publish","has-post-thumbnail","hentry"],"_links":{"self":[{"href":"https:\/\/www.creativeenglish.com.pl\/index.php\/wp-json\/wp\/v2\/pages\/13","targetHints":{"allow":["GET"]}}],"collection":[{"href":"https:\/\/www.creativeenglish.com.pl\/index.php\/wp-json\/wp\/v2\/pages"}],"about":[{"href":"https:\/\/www.creativeenglish.com.pl\/index.php\/wp-json\/wp\/v2\/types\/page"}],"author":[{"embeddable":true,"href":"https:\/\/www.creativeenglish.com.pl\/index.php\/wp-json\/wp\/v2\/users\/1"}],"replies":[{"embeddable":true,"href":"https:\/\/www.creativeenglish.com.pl\/index.php\/wp-json\/wp\/v2\/comments?post=13"}],"version-history":[{"count":26,"href":"https:\/\/www.creativeenglish.com.pl\/index.php\/wp-json\/wp\/v2\/pages\/13\/revisions"}],"predecessor-version":[{"id":847,"href":"https:\/\/www.creativeenglish.com.pl\/index.php\/wp-json\/wp\/v2\/pages\/13\/revisions\/847"}],"wp:featuredmedia":[{"embeddable":true,"href":"https:\/\/www.creativeenglish.com.pl\/index.php\/wp-json\/wp\/v2\/media\/5"}],"wp:attachment":[{"href":"https:\/\/www.creativeenglish.com.pl\/index.php\/wp-json\/wp\/v2\/media?parent=13"}],"curies":[{"name":"wp","href":"https:\/\/api.w.org\/{rel}","templated":true}]}}