{"id":228,"date":"2023-07-19T04:12:11","date_gmt":"2023-07-19T04:12:11","guid":{"rendered":"http:\/\/www.creativeenglish.com.pl\/?page_id=228"},"modified":"2025-01-07T04:27:14","modified_gmt":"2025-01-07T04:27:14","slug":"sklep-z-materialamihttps-www-sklep-creativeenglish-com-pl-sklep","status":"publish","type":"page","link":"https:\/\/www.creativeenglish.com.pl\/index.php\/sklep-z-materialamihttps-www-sklep-creativeenglish-com-pl-sklep\/","title":{"rendered":"Sklep z materia\u0142ami &#8211; strona w budowie, zapraszam ju\u017c wkr\u00f3tce"},"content":{"rendered":"","protected":false},"excerpt":{"rendered":"","protected":false},"author":1,"featured_media":0,"parent":0,"menu_order":0,"comment_status":"closed","ping_status":"closed","template":"","meta":{"footnotes":""},"class_list":["post-228","page","type-page","status-publish","hentry"],"_links":{"self":[{"href":"https:\/\/www.creativeenglish.com.pl\/index.php\/wp-json\/wp\/v2\/pages\/228","targetHints":{"allow":["GET"]}}],"collection":[{"href":"https:\/\/www.creativeenglish.com.pl\/index.php\/wp-json\/wp\/v2\/pages"}],"about":[{"href":"https:\/\/www.creativeenglish.com.pl\/index.php\/wp-json\/wp\/v2\/types\/page"}],"author":[{"embeddable":true,"href":"https:\/\/www.creativeenglish.com.pl\/index.php\/wp-json\/wp\/v2\/users\/1"}],"replies":[{"embeddable":true,"href":"https:\/\/www.creativeenglish.com.pl\/index.php\/wp-json\/wp\/v2\/comments?post=228"}],"version-history":[{"count":3,"href":"https:\/\/www.creativeenglish.com.pl\/index.php\/wp-json\/wp\/v2\/pages\/228\/revisions"}],"predecessor-version":[{"id":801,"href":"https:\/\/www.creativeenglish.com.pl\/index.php\/wp-json\/wp\/v2\/pages\/228\/revisions\/801"}],"wp:attachment":[{"href":"https:\/\/www.creativeenglish.com.pl\/index.php\/wp-json\/wp\/v2\/media?parent=228"}],"curies":[{"name":"wp","href":"https:\/\/api.w.org\/{rel}","templated":true}]}}