{"id":237,"date":"2023-07-14T07:30:31","date_gmt":"2023-07-14T07:30:31","guid":{"rendered":"http:\/\/www.creativeenglish.com.pl\/?page_id=237"},"modified":"2025-03-12T14:13:57","modified_gmt":"2025-03-12T14:13:57","slug":"strona-glowna","status":"publish","type":"page","link":"https:\/\/www.creativeenglish.com.pl\/","title":{"rendered":""},"content":{"rendered":"\t\t<div data-elementor-type=\"wp-page\" data-elementor-id=\"237\" class=\"elementor elementor-237\">\n\t\t\t\t\t\t<section class=\"elementor-section elementor-top-section elementor-element elementor-element-4fbd6c0 elementor-section-boxed elementor-section-height-default elementor-section-height-default\" data-id=\"4fbd6c0\" data-element_type=\"section\" data-e-type=\"section\">\n\t\t\t\t\t\t<div class=\"elementor-container elementor-column-gap-default\">\n\t\t\t\t\t<div class=\"elementor-column elementor-col-100 elementor-top-column elementor-element elementor-element-a6f0b9c\" data-id=\"a6f0b9c\" data-element_type=\"column\" data-e-type=\"column\">\n\t\t\t<div class=\"elementor-widget-wrap elementor-element-populated\">\n\t\t\t\t\t\t<div class=\"elementor-element elementor-element-4bb6ab9 elementor-widget elementor-widget-image\" data-id=\"4bb6ab9\" data-element_type=\"widget\" data-e-type=\"widget\" data-widget_type=\"image.default\">\n\t\t\t\t<div class=\"elementor-widget-container\">\n\t\t\t\t\t\t\t\t\t\t\t\t\t\t\t<img fetchpriority=\"high\" decoding=\"async\" width=\"300\" height=\"300\" src=\"https:\/\/www.creativeenglish.com.pl\/wp-content\/uploads\/2023\/07\/Logo-Creative-English-RGB-300x300.jpg\" class=\"attachment-medium size-medium wp-image-203\" alt=\"\" srcset=\"https:\/\/www.creativeenglish.com.pl\/wp-content\/uploads\/2023\/07\/Logo-Creative-English-RGB-300x300.jpg 300w, https:\/\/www.creativeenglish.com.pl\/wp-content\/uploads\/2023\/07\/Logo-Creative-English-RGB-150x150.jpg 150w, https:\/\/www.creativeenglish.com.pl\/wp-content\/uploads\/2023\/07\/Logo-Creative-English-RGB-768x768.jpg 768w, https:\/\/www.creativeenglish.com.pl\/wp-content\/uploads\/2023\/07\/Logo-Creative-English-RGB.jpg 946w\" sizes=\"(max-width: 300px) 100vw, 300px\" \/>\t\t\t\t\t\t\t\t\t\t\t\t\t\t\t<\/div>\n\t\t\t\t<\/div>\n\t\t\t\t\t<\/div>\n\t\t<\/div>\n\t\t\t\t\t<\/div>\n\t\t<\/section>\n\t\t\t\t<section class=\"elementor-section elementor-top-section elementor-element elementor-element-a69b60b elementor-section-boxed elementor-section-height-default elementor-section-height-default\" data-id=\"a69b60b\" data-element_type=\"section\" data-e-type=\"section\">\n\t\t\t\t\t\t<div class=\"elementor-container elementor-column-gap-default\">\n\t\t\t\t\t<div class=\"elementor-column elementor-col-100 elementor-top-column elementor-element elementor-element-de81a7a\" data-id=\"de81a7a\" data-element_type=\"column\" data-e-type=\"column\">\n\t\t\t<div class=\"elementor-widget-wrap elementor-element-populated\">\n\t\t\t\t\t\t<div class=\"elementor-element elementor-element-e4c8f55 elementor-widget elementor-widget-text-editor\" data-id=\"e4c8f55\" data-element_type=\"widget\" data-e-type=\"widget\" data-widget_type=\"text-editor.default\">\n\t\t\t\t<div class=\"elementor-widget-container\">\n\t\t\t\t\t\t\t\t\t<p>Cze\u015b\u0107!&nbsp;<\/p>\n<p>Nazywam si\u0119 Ania P\u0119kala i zapraszam Ci\u0119 do \u015bwiata Creative English, w kt\u00f3rym poka\u017cemy Ci, \u017ce zaj\u0119cia z j\u0119zyka angielskiego mog\u0105 by\u0107 efektywne i efektowne dla dzieci. Podczas zaj\u0119\u0107 skupiamy si\u0119 na tym co realne, tu i teraz, nie korzystamy z nowoczesnych technologii, g\u0142\u00f3wnie dlatego, \u017ce tej dzieci cz\u0119sto maj\u0105 przesyt w domach.&nbsp;<\/p>\n<p>To dlatego podczas naszych zaj\u0119\u0107 pojawiamy si\u0119 z ogromn\u0105 torb\u0105\/walizk\u0105 pe\u0142n\u0105 realnych przedmiot\u00f3w: figurek zwierz\u0105t, owoc\u00f3w, warzyw, kolorowych wst\u0105\u017cek, instrument\u00f3w muzycznych, zdarza nam si\u0119 te\u017c na zaj\u0119cia przynie\u015b\u0107 \u015blimaka (spokojnie, potem wypuszczamy go na \u0142\u0105k\u0119).&nbsp;<\/p>\n<p>To jak, do\u0142\u0105czysz do nas?<\/p>\t\t\t\t\t\t\t\t<\/div>\n\t\t\t\t<\/div>\n\t\t\t\t\t<\/div>\n\t\t<\/div>\n\t\t\t\t\t<\/div>\n\t\t<\/section>\n\t\t\t\t<section class=\"elementor-section elementor-top-section elementor-element elementor-element-09be38f elementor-section-boxed elementor-section-height-default elementor-section-height-default\" data-id=\"09be38f\" data-element_type=\"section\" data-e-type=\"section\">\n\t\t\t\t\t\t<div class=\"elementor-container elementor-column-gap-default\">\n\t\t\t\t\t<div class=\"elementor-column elementor-col-33 elementor-top-column elementor-element elementor-element-34540a5\" data-id=\"34540a5\" data-element_type=\"column\" data-e-type=\"column\" data-settings=\"{&quot;background_background&quot;:&quot;classic&quot;}\">\n\t\t\t<div class=\"elementor-widget-wrap elementor-element-populated\">\n\t\t\t\t\t\t<div class=\"elementor-element elementor-element-e6a60fc elementor-position-top elementor-widget elementor-widget-image-box\" data-id=\"e6a60fc\" data-element_type=\"widget\" data-e-type=\"widget\" data-widget_type=\"image-box.default\">\n\t\t\t\t<div class=\"elementor-widget-container\">\n\t\t\t\t\t<div class=\"elementor-image-box-wrapper\"><figure class=\"elementor-image-box-img\"><img decoding=\"async\" width=\"1422\" height=\"2048\" src=\"https:\/\/www.creativeenglish.com.pl\/wp-content\/uploads\/2024\/12\/ania-zajecia-gaska.jpeg\" class=\"attachment-full size-full wp-image-515\" alt=\"\" srcset=\"https:\/\/www.creativeenglish.com.pl\/wp-content\/uploads\/2024\/12\/ania-zajecia-gaska.jpeg 1422w, https:\/\/www.creativeenglish.com.pl\/wp-content\/uploads\/2024\/12\/ania-zajecia-gaska-208x300.jpeg 208w, https:\/\/www.creativeenglish.com.pl\/wp-content\/uploads\/2024\/12\/ania-zajecia-gaska-711x1024.jpeg 711w, https:\/\/www.creativeenglish.com.pl\/wp-content\/uploads\/2024\/12\/ania-zajecia-gaska-768x1106.jpeg 768w, https:\/\/www.creativeenglish.com.pl\/wp-content\/uploads\/2024\/12\/ania-zajecia-gaska-1067x1536.jpeg 1067w\" sizes=\"(max-width: 1422px) 100vw, 1422px\" \/><\/figure><div class=\"elementor-image-box-content\"><h4 class=\"elementor-image-box-title\"><h3 data-elementor-setting-key=\"title_text\" data-elementor-inline-editing-toolbar=\"none\" data-pen-placeholder=\"Pisz tutaj...\" style=\"font-family: var( --e-global-typography-primary-font-family ), Sans-serif;font-weight: var( --e-global-typography-primary-font-weight )\">O nas<span style=\"font-size: 1.5rem\"><\/span><\/h3><\/h4><p class=\"elementor-image-box-description\">Jak to si\u0119 wszystko zacz\u0119\u0142o? Tutaj dowiesz si\u0119 wi\u0119cej.<br><\/p><\/div><\/div>\t\t\t\t<\/div>\n\t\t\t\t<\/div>\n\t\t\t\t<div class=\"elementor-element elementor-element-8096e05 elementor-align-center elementor-widget elementor-widget-button\" data-id=\"8096e05\" data-element_type=\"widget\" data-e-type=\"widget\" data-widget_type=\"button.default\">\n\t\t\t\t<div class=\"elementor-widget-container\">\n\t\t\t\t\t\t\t\t\t<div class=\"elementor-button-wrapper\">\n\t\t\t\t\t<a class=\"elementor-button elementor-button-link elementor-size-md\" href=\"http:\/\/www.creativeenglish.com.pl\/index.php\/o-mnie\/\">\n\t\t\t\t\t\t<span class=\"elementor-button-content-wrapper\">\n\t\t\t\t\t\t\t\t\t<span class=\"elementor-button-text\">Wchodz\u0119<\/span>\n\t\t\t\t\t<\/span>\n\t\t\t\t\t<\/a>\n\t\t\t\t<\/div>\n\t\t\t\t\t\t\t\t<\/div>\n\t\t\t\t<\/div>\n\t\t\t\t\t<\/div>\n\t\t<\/div>\n\t\t\t\t<div class=\"elementor-column elementor-col-33 elementor-top-column elementor-element elementor-element-f4d4ee5\" data-id=\"f4d4ee5\" data-element_type=\"column\" data-e-type=\"column\">\n\t\t\t<div class=\"elementor-widget-wrap elementor-element-populated\">\n\t\t\t\t\t\t<div class=\"elementor-element elementor-element-17a2541 elementor-position-top elementor-widget elementor-widget-image-box\" data-id=\"17a2541\" data-element_type=\"widget\" data-e-type=\"widget\" data-widget_type=\"image-box.default\">\n\t\t\t\t<div class=\"elementor-widget-container\">\n\t\t\t\t\t<div class=\"elementor-image-box-wrapper\"><figure class=\"elementor-image-box-img\"><img decoding=\"async\" width=\"1536\" height=\"2048\" src=\"https:\/\/www.creativeenglish.com.pl\/wp-content\/uploads\/2024\/11\/marketingowe-Ania-7.jpeg\" class=\"attachment-full size-full wp-image-493\" alt=\"\" srcset=\"https:\/\/www.creativeenglish.com.pl\/wp-content\/uploads\/2024\/11\/marketingowe-Ania-7.jpeg 1536w, https:\/\/www.creativeenglish.com.pl\/wp-content\/uploads\/2024\/11\/marketingowe-Ania-7-225x300.jpeg 225w, https:\/\/www.creativeenglish.com.pl\/wp-content\/uploads\/2024\/11\/marketingowe-Ania-7-768x1024.jpeg 768w, https:\/\/www.creativeenglish.com.pl\/wp-content\/uploads\/2024\/11\/marketingowe-Ania-7-1152x1536.jpeg 1152w\" sizes=\"(max-width: 1536px) 100vw, 1536px\" \/><\/figure><div class=\"elementor-image-box-content\"><h3 class=\"elementor-image-box-title\">Wsp\u00f3\u0142praca z Twoj\u0105 plac\u00f3wk\u0105<\/h3><p class=\"elementor-image-box-description\">Jeste\u015b w\u0142a\u015bcicielk\u0105\/w\u0142a\u015bcicielem \u017c\u0142obka, przedszkola czy rodzinnej klubokawiarni? <br>Chcesz poszerzy\u0107 ofert\u0119 swoich zaj\u0119\u0107 <br>i zorganizowa\u0107 kreatywne lekcje j\u0119zyka angielskiego dla dzieci?<\/p><\/div><\/div>\t\t\t\t<\/div>\n\t\t\t\t<\/div>\n\t\t\t\t<div class=\"elementor-element elementor-element-350b26a elementor-align-center elementor-widget elementor-widget-button\" data-id=\"350b26a\" data-element_type=\"widget\" data-e-type=\"widget\" data-widget_type=\"button.default\">\n\t\t\t\t<div class=\"elementor-widget-container\">\n\t\t\t\t\t\t\t\t\t<div class=\"elementor-button-wrapper\">\n\t\t\t\t\t<a class=\"elementor-button elementor-button-link elementor-size-md\" href=\"http:\/\/www.creativeenglish.com.pl\/index.php\/wspolpraca\/\">\n\t\t\t\t\t\t<span class=\"elementor-button-content-wrapper\">\n\t\t\t\t\t\t\t\t\t<span class=\"elementor-button-text\">Wchodz\u0119<\/span>\n\t\t\t\t\t<\/span>\n\t\t\t\t\t<\/a>\n\t\t\t\t<\/div>\n\t\t\t\t\t\t\t\t<\/div>\n\t\t\t\t<\/div>\n\t\t\t\t\t<\/div>\n\t\t<\/div>\n\t\t\t\t<div class=\"elementor-column elementor-col-33 elementor-top-column elementor-element elementor-element-39d3ad0\" data-id=\"39d3ad0\" data-element_type=\"column\" data-e-type=\"column\">\n\t\t\t<div class=\"elementor-widget-wrap elementor-element-populated\">\n\t\t\t\t\t\t<div class=\"elementor-element elementor-element-688dc6d elementor-position-top elementor-widget elementor-widget-image-box\" data-id=\"688dc6d\" data-element_type=\"widget\" data-e-type=\"widget\" data-widget_type=\"image-box.default\">\n\t\t\t\t<div class=\"elementor-widget-container\">\n\t\t\t\t\t<div class=\"elementor-image-box-wrapper\"><figure class=\"elementor-image-box-img\"><img loading=\"lazy\" decoding=\"async\" width=\"1536\" height=\"2048\" src=\"https:\/\/www.creativeenglish.com.pl\/wp-content\/uploads\/2024\/12\/balbinka-zdjecie-13.jpg\" class=\"attachment-full size-full wp-image-575\" alt=\"\" srcset=\"https:\/\/www.creativeenglish.com.pl\/wp-content\/uploads\/2024\/12\/balbinka-zdjecie-13.jpg 1536w, https:\/\/www.creativeenglish.com.pl\/wp-content\/uploads\/2024\/12\/balbinka-zdjecie-13-225x300.jpg 225w, https:\/\/www.creativeenglish.com.pl\/wp-content\/uploads\/2024\/12\/balbinka-zdjecie-13-768x1024.jpg 768w, https:\/\/www.creativeenglish.com.pl\/wp-content\/uploads\/2024\/12\/balbinka-zdjecie-13-1152x1536.jpg 1152w\" sizes=\"(max-width: 1536px) 100vw, 1536px\" \/><\/figure><div class=\"elementor-image-box-content\"><h3 class=\"elementor-image-box-title\">Zaj\u0119cia dla Twojego Dziecka<\/h3><p class=\"elementor-image-box-description\">Jeste\u015b Rodzicem i szukasz ciekawych zaj\u0119\u0107 dla swojego dziecka\/dzieci? <br>Zobacz, gdzie mo\u017cemy si\u0119 spotka\u0107 stacjonarnie i zapisz si\u0119&nbsp;na zaj\u0119cia.<\/p><\/div><\/div>\t\t\t\t<\/div>\n\t\t\t\t<\/div>\n\t\t\t\t<div class=\"elementor-element elementor-element-14746b7 elementor-align-center elementor-widget elementor-widget-button\" data-id=\"14746b7\" data-element_type=\"widget\" data-e-type=\"widget\" data-widget_type=\"button.default\">\n\t\t\t\t<div class=\"elementor-widget-container\">\n\t\t\t\t\t\t\t\t\t<div class=\"elementor-button-wrapper\">\n\t\t\t\t\t<a class=\"elementor-button elementor-button-link elementor-size-md\" href=\"http:\/\/www.creativeenglish.com.pl\/index.php\/zapisz-sie-na-zajecia\/\">\n\t\t\t\t\t\t<span class=\"elementor-button-content-wrapper\">\n\t\t\t\t\t\t\t\t\t<span class=\"elementor-button-text\">Wchodz\u0119<\/span>\n\t\t\t\t\t<\/span>\n\t\t\t\t\t<\/a>\n\t\t\t\t<\/div>\n\t\t\t\t\t\t\t\t<\/div>\n\t\t\t\t<\/div>\n\t\t\t\t\t<\/div>\n\t\t<\/div>\n\t\t\t\t\t<\/div>\n\t\t<\/section>\n\t\t\t\t<section class=\"elementor-section elementor-top-section elementor-element elementor-element-2a7fdb0 elementor-section-boxed elementor-section-height-default elementor-section-height-default\" data-id=\"2a7fdb0\" data-element_type=\"section\" data-e-type=\"section\">\n\t\t\t\t\t\t<div class=\"elementor-container elementor-column-gap-default\">\n\t\t\t\t\t<div class=\"elementor-column elementor-col-33 elementor-top-column elementor-element elementor-element-ddd08a0\" data-id=\"ddd08a0\" data-element_type=\"column\" data-e-type=\"column\">\n\t\t\t<div class=\"elementor-widget-wrap elementor-element-populated\">\n\t\t\t\t\t\t<div class=\"elementor-element elementor-element-57a13bb elementor-position-top elementor-widget elementor-widget-image-box\" data-id=\"57a13bb\" data-element_type=\"widget\" data-e-type=\"widget\" data-widget_type=\"image-box.default\">\n\t\t\t\t<div class=\"elementor-widget-container\">\n\t\t\t\t\t<div class=\"elementor-image-box-wrapper\"><figure class=\"elementor-image-box-img\"><img loading=\"lazy\" decoding=\"async\" width=\"768\" height=\"1024\" src=\"https:\/\/www.creativeenglish.com.pl\/wp-content\/uploads\/2023\/07\/IMG-8488-1-768x1024.jpg\" class=\"attachment-medium_large size-medium_large wp-image-168\" alt=\"\" srcset=\"https:\/\/www.creativeenglish.com.pl\/wp-content\/uploads\/2023\/07\/IMG-8488-1-768x1024.jpg 768w, https:\/\/www.creativeenglish.com.pl\/wp-content\/uploads\/2023\/07\/IMG-8488-1-225x300.jpg 225w, https:\/\/www.creativeenglish.com.pl\/wp-content\/uploads\/2023\/07\/IMG-8488-1-1152x1536.jpg 1152w, https:\/\/www.creativeenglish.com.pl\/wp-content\/uploads\/2023\/07\/IMG-8488-1-1536x2048.jpg 1536w, https:\/\/www.creativeenglish.com.pl\/wp-content\/uploads\/2023\/07\/IMG-8488-1-scaled.jpg 1920w\" sizes=\"(max-width: 768px) 100vw, 768px\" \/><\/figure><div class=\"elementor-image-box-content\"><h3 class=\"elementor-image-box-title\">Blog o edukacji<\/h3><p class=\"elementor-image-box-description\">Je\u015bli szukasz informacji na temat nauczania dzieci j\u0119zyka angielskiego lub pomys\u0142\u00f3w i inspiracji, dzi\u0119ki kt\u00f3rym to, co robisz b\u0119dzie jeszcze ciekawsze, znajdziesz je tutaj.<\/p><\/div><\/div>\t\t\t\t<\/div>\n\t\t\t\t<\/div>\n\t\t\t\t<div class=\"elementor-element elementor-element-8f92c94 elementor-align-center elementor-widget elementor-widget-button\" data-id=\"8f92c94\" data-element_type=\"widget\" data-e-type=\"widget\" data-widget_type=\"button.default\">\n\t\t\t\t<div class=\"elementor-widget-container\">\n\t\t\t\t\t\t\t\t\t<div class=\"elementor-button-wrapper\">\n\t\t\t\t\t<a class=\"elementor-button elementor-button-link elementor-size-md\" href=\"https:\/\/www.creativeenglish.com.pl\/index.php\/blog\/\">\n\t\t\t\t\t\t<span class=\"elementor-button-content-wrapper\">\n\t\t\t\t\t\t\t\t\t<span class=\"elementor-button-text\">Wchodz\u0119<\/span>\n\t\t\t\t\t<\/span>\n\t\t\t\t\t<\/a>\n\t\t\t\t<\/div>\n\t\t\t\t\t\t\t\t<\/div>\n\t\t\t\t<\/div>\n\t\t\t\t\t<\/div>\n\t\t<\/div>\n\t\t\t\t<div class=\"elementor-column elementor-col-33 elementor-top-column elementor-element elementor-element-5fc5bd6\" data-id=\"5fc5bd6\" data-element_type=\"column\" data-e-type=\"column\">\n\t\t\t<div class=\"elementor-widget-wrap elementor-element-populated\">\n\t\t\t\t\t\t<div class=\"elementor-element elementor-element-981e478 elementor-position-top elementor-widget elementor-widget-image-box\" data-id=\"981e478\" data-element_type=\"widget\" data-e-type=\"widget\" data-widget_type=\"image-box.default\">\n\t\t\t\t<div class=\"elementor-widget-container\">\n\t\t\t\t\t<div class=\"elementor-image-box-wrapper\"><figure class=\"elementor-image-box-img\"><img loading=\"lazy\" decoding=\"async\" width=\"1440\" height=\"1439\" src=\"https:\/\/www.creativeenglish.com.pl\/wp-content\/uploads\/2023\/07\/281715988_2839459549683899_7971223114492369578_n.jpeg\" class=\"attachment-full size-full wp-image-142\" alt=\"\" srcset=\"https:\/\/www.creativeenglish.com.pl\/wp-content\/uploads\/2023\/07\/281715988_2839459549683899_7971223114492369578_n.jpeg 1440w, https:\/\/www.creativeenglish.com.pl\/wp-content\/uploads\/2023\/07\/281715988_2839459549683899_7971223114492369578_n-300x300.jpeg 300w, https:\/\/www.creativeenglish.com.pl\/wp-content\/uploads\/2023\/07\/281715988_2839459549683899_7971223114492369578_n-1024x1024.jpeg 1024w, https:\/\/www.creativeenglish.com.pl\/wp-content\/uploads\/2023\/07\/281715988_2839459549683899_7971223114492369578_n-150x150.jpeg 150w, https:\/\/www.creativeenglish.com.pl\/wp-content\/uploads\/2023\/07\/281715988_2839459549683899_7971223114492369578_n-768x767.jpeg 768w\" sizes=\"(max-width: 1440px) 100vw, 1440px\" \/><\/figure><div class=\"elementor-image-box-content\"><h3 class=\"elementor-image-box-title\">Sklep z materia\u0142ami <br>dla nauczycieli\/edukator\u00f3w<\/h3><p class=\"elementor-image-box-description\">Tutaj mo\u017cesz zakupi\u0107 stworzone przeze mnie materia\u0142y, dzi\u0119ki kt\u00f3rym Twoje lekcje b\u0119d\u0105 jeszcze ciekawsze. Zapraszam!<\/p><\/div><\/div>\t\t\t\t<\/div>\n\t\t\t\t<\/div>\n\t\t\t\t<div class=\"elementor-element elementor-element-85cf84c elementor-align-center elementor-widget elementor-widget-button\" data-id=\"85cf84c\" data-element_type=\"widget\" data-e-type=\"widget\" data-widget_type=\"button.default\">\n\t\t\t\t<div class=\"elementor-widget-container\">\n\t\t\t\t\t\t\t\t\t<div class=\"elementor-button-wrapper\">\n\t\t\t\t\t<a class=\"elementor-button elementor-button-link elementor-size-md\" href=\"http:\/\/www.creativeenglish.com.pl\/index.php\/sklep-z-materialami\/\" target=\"_blank\">\n\t\t\t\t\t\t<span class=\"elementor-button-content-wrapper\">\n\t\t\t\t\t\t\t\t\t<span class=\"elementor-button-text\">Wchodz\u0119<\/span>\n\t\t\t\t\t<\/span>\n\t\t\t\t\t<\/a>\n\t\t\t\t<\/div>\n\t\t\t\t\t\t\t\t<\/div>\n\t\t\t\t<\/div>\n\t\t\t\t\t<\/div>\n\t\t<\/div>\n\t\t\t\t<div class=\"elementor-column elementor-col-33 elementor-top-column elementor-element elementor-element-5451081\" data-id=\"5451081\" data-element_type=\"column\" data-e-type=\"column\">\n\t\t\t<div class=\"elementor-widget-wrap elementor-element-populated\">\n\t\t\t\t\t\t<div class=\"elementor-element elementor-element-cc26202 elementor-position-top elementor-widget elementor-widget-image-box\" data-id=\"cc26202\" data-element_type=\"widget\" data-e-type=\"widget\" data-widget_type=\"image-box.default\">\n\t\t\t\t<div class=\"elementor-widget-container\">\n\t\t\t\t\t<div class=\"elementor-image-box-wrapper\"><figure class=\"elementor-image-box-img\"><img loading=\"lazy\" decoding=\"async\" width=\"1440\" height=\"1440\" src=\"https:\/\/www.creativeenglish.com.pl\/wp-content\/uploads\/2024\/12\/krzys-czyta.jpg\" class=\"attachment-1536x1536 size-1536x1536 wp-image-544\" alt=\"\" srcset=\"https:\/\/www.creativeenglish.com.pl\/wp-content\/uploads\/2024\/12\/krzys-czyta.jpg 1440w, https:\/\/www.creativeenglish.com.pl\/wp-content\/uploads\/2024\/12\/krzys-czyta-300x300.jpg 300w, https:\/\/www.creativeenglish.com.pl\/wp-content\/uploads\/2024\/12\/krzys-czyta-1024x1024.jpg 1024w, https:\/\/www.creativeenglish.com.pl\/wp-content\/uploads\/2024\/12\/krzys-czyta-150x150.jpg 150w, https:\/\/www.creativeenglish.com.pl\/wp-content\/uploads\/2024\/12\/krzys-czyta-768x768.jpg 768w\" sizes=\"(max-width: 1440px) 100vw, 1440px\" \/><\/figure><div class=\"elementor-image-box-content\"><h3 class=\"elementor-image-box-title\">Kurs j\u0119zyka angielskiego online<\/h3><p class=\"elementor-image-box-description\">Zapisz si\u0119 na nasz kurs online i ucz si\u0119 j\u0119zyka angielskiego gdziekolwiek jeste\u015b!<\/p><\/div><\/div>\t\t\t\t<\/div>\n\t\t\t\t<\/div>\n\t\t\t\t<div class=\"elementor-element elementor-element-8b6e32a elementor-align-center elementor-widget elementor-widget-button\" data-id=\"8b6e32a\" data-element_type=\"widget\" data-e-type=\"widget\" data-widget_type=\"button.default\">\n\t\t\t\t<div class=\"elementor-widget-container\">\n\t\t\t\t\t\t\t\t\t<div class=\"elementor-button-wrapper\">\n\t\t\t\t\t<a class=\"elementor-button elementor-button-link elementor-size-md\" href=\"http:\/\/www.creativeenglish.com.pl\/index.php\/kontakt\/\">\n\t\t\t\t\t\t<span class=\"elementor-button-content-wrapper\">\n\t\t\t\t\t\t\t\t\t<span class=\"elementor-button-text\">Wchodz\u0119<\/span>\n\t\t\t\t\t<\/span>\n\t\t\t\t\t<\/a>\n\t\t\t\t<\/div>\n\t\t\t\t\t\t\t\t<\/div>\n\t\t\t\t<\/div>\n\t\t\t\t\t<\/div>\n\t\t<\/div>\n\t\t\t\t\t<\/div>\n\t\t<\/section>\n\t\t\t\t<section class=\"elementor-section elementor-top-section elementor-element elementor-element-da01f8c elementor-section-boxed elementor-section-height-default elementor-section-height-default\" data-id=\"da01f8c\" data-element_type=\"section\" data-e-type=\"section\">\n\t\t\t\t\t\t<div class=\"elementor-container elementor-column-gap-default\">\n\t\t\t\t\t<div class=\"elementor-column elementor-col-100 elementor-top-column elementor-element elementor-element-436dbff\" data-id=\"436dbff\" data-element_type=\"column\" data-e-type=\"column\">\n\t\t\t<div class=\"elementor-widget-wrap elementor-element-populated\">\n\t\t\t\t\t\t<div class=\"elementor-element elementor-element-ac79a9b elementor-widget elementor-widget-text-editor\" data-id=\"ac79a9b\" data-element_type=\"widget\" data-e-type=\"widget\" data-widget_type=\"text-editor.default\">\n\t\t\t\t<div class=\"elementor-widget-container\">\n\t\t\t\t\t\t\t\t\t<p>Zapraszam Ci\u0119 do zaobserwowania naszych profili w mediach spo\u0142eczno\u015bciowych.<\/p><p>Potrzebujesz si\u0119 z nami skontaktowa\u0107? Napisz na adres anna.malgorzata.pekala@gmail.com lub zadzwo\u0144 723 918 111.<\/p>\t\t\t\t\t\t\t\t<\/div>\n\t\t\t\t<\/div>\n\t\t\t\t\t<\/div>\n\t\t<\/div>\n\t\t\t\t\t<\/div>\n\t\t<\/section>\n\t\t\t\t<section class=\"elementor-section elementor-top-section elementor-element elementor-element-d740dfd elementor-section-boxed elementor-section-height-default elementor-section-height-default\" data-id=\"d740dfd\" data-element_type=\"section\" data-e-type=\"section\">\n\t\t\t\t\t\t<div class=\"elementor-container elementor-column-gap-default\">\n\t\t\t\t\t<div class=\"elementor-column elementor-col-100 elementor-top-column elementor-element elementor-element-3e2e4f7\" data-id=\"3e2e4f7\" data-element_type=\"column\" data-e-type=\"column\">\n\t\t\t<div class=\"elementor-widget-wrap elementor-element-populated\">\n\t\t\t\t\t\t<div class=\"elementor-element elementor-element-7b7d201 elementor-widget elementor-widget-image\" data-id=\"7b7d201\" data-element_type=\"widget\" data-e-type=\"widget\" data-widget_type=\"image.default\">\n\t\t\t\t<div class=\"elementor-widget-container\">\n\t\t\t\t\t\t\t\t\t\t\t\t\t\t\t<img loading=\"lazy\" decoding=\"async\" width=\"580\" height=\"280\" src=\"https:\/\/www.creativeenglish.com.pl\/wp-content\/uploads\/2025\/01\/rzemieslnicze-580-x-580-px-2.png\" class=\"attachment-large size-large wp-image-680\" alt=\"\" srcset=\"https:\/\/www.creativeenglish.com.pl\/wp-content\/uploads\/2025\/01\/rzemieslnicze-580-x-580-px-2.png 580w, https:\/\/www.creativeenglish.com.pl\/wp-content\/uploads\/2025\/01\/rzemieslnicze-580-x-580-px-2-300x145.png 300w\" sizes=\"(max-width: 580px) 100vw, 580px\" \/>\t\t\t\t\t\t\t\t\t\t\t\t\t\t\t<\/div>\n\t\t\t\t<\/div>\n\t\t\t\t\t<\/div>\n\t\t<\/div>\n\t\t\t\t\t<\/div>\n\t\t<\/section>\n\t\t\t\t<section class=\"elementor-section elementor-top-section elementor-element elementor-element-32e8ca3 elementor-section-boxed elementor-section-height-default elementor-section-height-default\" data-id=\"32e8ca3\" data-element_type=\"section\" data-e-type=\"section\">\n\t\t\t\t\t\t<div class=\"elementor-container elementor-column-gap-default\">\n\t\t\t\t\t<div class=\"elementor-column elementor-col-100 elementor-top-column elementor-element elementor-element-d4d0202\" data-id=\"d4d0202\" data-element_type=\"column\" data-e-type=\"column\">\n\t\t\t<div class=\"elementor-widget-wrap elementor-element-populated\">\n\t\t\t\t\t\t<div class=\"elementor-element elementor-element-3044d72 elementor-widget elementor-widget-text-editor\" data-id=\"3044d72\" data-element_type=\"widget\" data-e-type=\"widget\" data-widget_type=\"text-editor.default\">\n\t\t\t\t<div class=\"elementor-widget-container\">\n\t\t\t\t\t\t\t\t\t<h2 class=\"elementor-heading-title elementor-size-default elementor-inline-editing pen\" data-elementor-setting-key=\"title\" data-pen-placeholder=\"Pisz tutaj...\" style=\"font-family: var( --e-global-typography-primary-font-family ), Sans-serif; font-weight: var( --e-global-typography-primary-font-weight );\">                <div class=\"ml-embedded\" data-form=\"BNqxjZ\"><\/div>\n            <\/h2>\t\t\t\t\t\t\t\t<\/div>\n\t\t\t\t<\/div>\n\t\t\t\t\t<\/div>\n\t\t<\/div>\n\t\t\t\t\t<\/div>\n\t\t<\/section>\n\t\t\t\t<\/div>\n\t\t","protected":false},"excerpt":{"rendered":"<p>Cze\u015b\u0107!&nbsp; Nazywam si\u0119 Ania P\u0119kala i zapraszam Ci\u0119 do \u015bwiata Creative English, w kt\u00f3rym poka\u017cemy Ci, \u017ce zaj\u0119cia z j\u0119zyka angielskiego mog\u0105 by\u0107 efektywne i efektowne dla dzieci. Podczas zaj\u0119\u0107 skupiamy si\u0119 na tym co realne, tu i teraz, nie korzystamy z nowoczesnych technologii, g\u0142\u00f3wnie dlatego, \u017ce tej dzieci cz\u0119sto maj\u0105 przesyt w domach.&nbsp; To [&hellip;]<\/p>\n","protected":false},"author":1,"featured_media":0,"parent":0,"menu_order":0,"comment_status":"closed","ping_status":"closed","template":"","meta":{"footnotes":""},"class_list":["post-237","page","type-page","status-publish","hentry"],"_links":{"self":[{"href":"https:\/\/www.creativeenglish.com.pl\/index.php\/wp-json\/wp\/v2\/pages\/237","targetHints":{"allow":["GET"]}}],"collection":[{"href":"https:\/\/www.creativeenglish.com.pl\/index.php\/wp-json\/wp\/v2\/pages"}],"about":[{"href":"https:\/\/www.creativeenglish.com.pl\/index.php\/wp-json\/wp\/v2\/types\/page"}],"author":[{"embeddable":true,"href":"https:\/\/www.creativeenglish.com.pl\/index.php\/wp-json\/wp\/v2\/users\/1"}],"replies":[{"embeddable":true,"href":"https:\/\/www.creativeenglish.com.pl\/index.php\/wp-json\/wp\/v2\/comments?post=237"}],"version-history":[{"count":118,"href":"https:\/\/www.creativeenglish.com.pl\/index.php\/wp-json\/wp\/v2\/pages\/237\/revisions"}],"predecessor-version":[{"id":855,"href":"https:\/\/www.creativeenglish.com.pl\/index.php\/wp-json\/wp\/v2\/pages\/237\/revisions\/855"}],"wp:attachment":[{"href":"https:\/\/www.creativeenglish.com.pl\/index.php\/wp-json\/wp\/v2\/media?parent=237"}],"curies":[{"name":"wp","href":"https:\/\/api.w.org\/{rel}","templated":true}]}}